 6*y. Let q(h) = t*z(h) + 34*n(h). Give q(3).
6
Let s(i) = -2*i. Let a(q) = q**3 - 2*q**2 + 9*q + 2. Let z(t) = a(t) + 3*s(t). Calculate z(3).
20
Let r = -74 + 144. Let x = r + -64. Let h(m) be the first derivative of m**4/4 - 5*m**3/3 - 5*m**2/2 - 2*m - 1. Give h(x).
4
Let l(u) be the third derivative of -u**5/60 + 5*u**4/24 + 3*u**3/2 + 434*u**2. Determine l(6).
3
Let x(l) be the third derivative of l**5/60 + 7*l**4/24 - l**3 + 35*l**2. Calculate x(-6).
-12
Suppose -6*k = -k. Suppose -3*c + 9 = 0, s - c + k = -1. Let v(b) = -5*b - 4*b**s - 11 + 13 - 3 + b**3. Give v(5).
-1
Let x(g) = 1 + 2*g + 23*g**2 + g**3 - 15*g**2 - 10*g**2. Let z(b) = -b**2 - 22*b + 3. Let j be z(-22). Calculate x(j).
16
Let f be (1/(-3))/(2/18). Let s(i) = -14*i - 4. Let p(j) = 13*j + 3. Let a(r) = f*s(r) - 4*p(r). Calculate a(1).
-10
Let t(w) = w**3 - w**2 - 1. Let b(u) = 5*u**3 - 11*u**2 + 3*u - 14. Suppose 3*v = k - 14, -5*k - 4*v - 18 - 7 = 0. Let c(h) = k*b(h) + 6*t(h). Determine c(-6).
-10
Suppose 0 = 5*t - 15*t + 40. Let k(o) = -2*o**2 + 7*o - 4. Give k(t).
-8
Let z = -74 + 74. Let r(o) = -6 - o - o + z*o + 0*o. Calculate r(-5).
4
Let l(r) = r**3 - 7*r**2 - 11*r. Suppose -4*g = -5*p - 32, -4*g - 3*p - 4 = -36. Determine l(g).
-24
Let d(a) = -6*a - 1. Let m be d(-1). Suppose 3*x = 2*j - j, 3*j - 4*x = m. Let w(t) = -t + 4. Determine w(j).
1
Let k(u) = 2826 + 5*u**2 - 4*u - u**3 + 0*u**3 - 2831. Let b = 11 - 7. Calculate k(b).
-5
Let a(q) = -q**3 - q**2 - q - 4. Let m be (-36 - -30) + 3*(-9)/(-3). What is a(m)?
-43
Let s(y) = -9*y**2 + 7*y - 11. Suppose 3*x - 4*x = -4. Let j(p) = 5*p**2 - 3*p + 6. Let r(i) = x*s(i) + 7*j(i). What is r(7)?
-2
Let k(b) = 10*b - 1. Let p(c) = -4*c - 2. Let r(n) = k(n) + 3*p(n). Suppose -3*o + 9 = -3*g, -6*g - 35 = -g + 5*o. Calculate r(g).
3
Let p(g) = -4*g**3 + 4*g**2 + 5. Let k = 8 + -7. Suppose -2*w + 3*w = -k. Let n(v) = -v**3 + v**2 + 1. Let a(m) = w*p(m) + 5*n(m). Determine a(1).
0
Suppose -5*s - 2 + 22 = 0. Suppose t - 5 = 0, 0*j - s*t + 12 = -2*j. Let g(a) = -a - 2. What is g(j)?
-6
Suppose -3*x = -2*a + 4 - 1, -5*a - 4*x = -65. Let n(j) = -4*j + 19. Calculate n(a).
-17
Suppose 2*u - 7*u = -45. Suppose 11*f - 6 = u*f. Let n(x) = 0 - 3*x - 5 - 2*x**2 + 1 + f. Calculate n(-2).
-3
Let w(u) be the third derivative of 7*u**4/24 + 2*u**3/3 + 10*u**2 + 5. Calculate w(-4).
-24
Suppose 0 = 4*b + 2*q + 10, 4*q + 23 = -5*b + 6. Let j(g) = 11*g + 5 - 7*g + 6*g - 6. Give j(b).
-11
Let h(i) = -11*i**2 - i + 1. Let x be h(1). Let c = x + 14. Let y(k) = k + 5 + 1 - c*k + 5*k. Calculate y(-6).
-12
Suppose 17*x = 7*x. Let g(t) = -t + 1. Calculate g(x).
1
Let g(h) = h - 3. Let t(b) = -b - 15. Let z(n) = 2*g(n) + t(n). What is z(11)?
-10
Let a(l) be the first derivative of l**4/12 - l**3/3 - 2*l**2 - 10*l + 11. Let i(c) be the first derivative of a(c). Give i(-3).
11
Suppose l + 6 = -5*l. Let x be (l + 1)/(-2 - -4). Let g(u) be the third derivative of u**6/120 - u**5/60 + u**4/24 - 2*u**3/3 + u**2. Determine g(x).
-4
Let g(l) = l**3 - l**2. Let b(c) = 4*c**3 - 11*c**2 - 8*c - 10. Let s(k) = -b(k) + 3*g(k). Give s(9).
1
Let k(b) = b**2 + 3*b. Let t(c) = -1. Let w(n) = -k(n) - 6*t(n). Let a = 22 + -28. Calculate w(a).
-12
Let g(p) = 7*p**2 + 10*p**2 - 9 + 9*p**2 - 7*p - 27*p**2. Calculate g(-3).
3
Let k = 157 - 159. Let x(d) = 2*d + 1. Give x(k).
-3
Let q(x) = x**2 - 7*x + 40 + 38 - 69. Determine q(8).
17
Suppose 3*n - 45 = 4*q, 5*q + 4*n + 33 = -0. Let k(z) = -z**2 - 13*z - 7. Calculate k(q).
29
Let y(c) = -2*c - 12. Let n = -43 - -67. Let r = n - 32. Calculate y(r).
4
Let l(r) = -2*r + 12. Let p be l(-7). Let j = p + -32. Let x(f) = -f**2 - 6*f - 8. What is x(j)?
-8
Let o(s) = s**2 - 8*s + 4. Let k be o(7). Let x(p) = 13*p**2 + 29*p - 25. Let a(j) = 3*j**2 + 7*j - 6. Let y(t) = -9*a(t) + 2*x(t). Calculate y(k).
10
Suppose h - 16 = -3*h + 5*d, 3*h - 3*d - 12 = 0. Let x = 8 - 4. Let v(m) = -6*m + x*m - 3*m - 5 + m**2. Determine v(h).
-9
Let u = 9 - 9. Let f be (-2)/4*u + -2. Let h(o) = -o**3 - o**2 + 1. Let w(b) = b**3 + b**2 + 4*b + 1. Let l(q) = 2*h(q) + w(q). Give l(f).
-1
Let r(x) = -x**2 + 5. Let y(s) = -3*s**2 + 13. Let d(c) = -5*r(c) + 2*y(c). Give d(-3).
-8
Let s(w) = 2*w + 7. Let d(o) = -4*o - 13. Let y(p) = -6*d(p) - 11*s(p). Calculate y(1).
3
Let d = -13 + 8. Let u(z) = -95*z**2 - 112*z**2 - 6*z + 206*z**2. What is u(d)?
5
Let a(h) = h**2 + h + 14. Let f(x) be the second derivative of x**3/6 + 6*x**2 + 14*x. Let s be f(-12). Determine a(s).
14
Let i be (-9)/6*2/(-3). Suppose -2*a + 0 = 10, w - a + i = 0. Let c(p) be the first derivative of -p**2/2 - 2*p + 7. Give c(w).
4
Suppose 4*k + 5*x - 1 = 0, -k = -5*k + 3*x - 7. Let p(o) = -o**2 - o. Let t(z) = z**3 - 7*z**2 + 9*z - 2. Let m(u) = k*p(u) - t(u). Give m(7).
-5
Let a(m) = m**2 - 3*m - 5. Let g(h) = 0*h + 3*h - 14 - h**2 + 19. Let q(c) = -6*a(c) - 5*g(c). What is q(4)?
1
Let d(t) = 54*t + t**2 - 79*t - 3 + 36*t. Give d(-10).
-13
Suppose x = 9*x - 16. Let k(s) = 4 + 13*s - 12*s + x. Determine k(0).
6
Suppose 2*b = 6 - 0. Let r(m) = m - 1. Let k be r(b). Let h be 6*k/4*-2. Let w(l) = -l - 8. Determine w(h).
-2
Let m(y) be the second derivative of y**5/20 - y**4/3 - 11*y**3/6 + 15*y**2/2 - 5*y - 31. What is m(6)?
21
Let x = 89 + -111. Let a = x - -13. Let v(w) = w + 7. Calculate v(a).
-2
Let g(w) = 9*w - 4*w - w**2 + 3*w**2 - 4. Suppose -4*o = 2*d + 8, -14*o + 3*d = -9*o + 32. What is g(o)?
8
Let x(o) = o**3 + 6*o**2 + 5. Suppose 5 = 3*n - 2*q, 10 = 4*n - 2*q - 0. Suppose -6*m = -7*m - z - 7, m + 1 = n*z. Calculate x(m).
5
Let o(j) = j. Let l(h) = -h**3 + h**2 - 2. Let y(x) = -l(x) - o(x). Let q be y(2). Let s(n) = n**2 - 4*n + 4. Give s(q).
4
Let p(h) = 3*h - h - 313 + 0*h + 298. What is p(12)?
9
Let u(q) be the third derivative of 11*q**4/24 + 10*q**3/3 - q**2 + 12. Give u(-3).
-13
Let c(x) = -x**3 + 2*x**2 + 8*x + 4. Let y be c(4). Suppose o + 4*m - 19 = 2*o, 5*o + 47 = y*m. Let f(k) = -k - 9. Determine f(o).
-2
Suppose 3*m - 29 = -5*k, 3*k + 12 = 6*k. Let d(y) = -y**3 + 5*y**2 - 6*y + 7. Determine d(m).
7
Let m(j) = -j**3 + 8*j**2 + 8*j + 13. Let q = 67 + -63. Let v = q - -5. Give m(v).
4
Let g = 0 + -3. Let j = 47 - 46. Let k(s) = s + 1 + 2 + j - 1. What is k(g)?
0
Suppose -98 + 93 = w. Let t(d) = 7*d - 3*d + 11 - 7 - d**3 - 4*d**2. Give t(w).
9
Let m(g) = 2*g**3 + g**2 + g + 3. Let n(l) = -3*l**3 - l**2 - l - 4. Let z(q) = -7*m(q) - 5*n(q). Let j(k) = 3*k**2 + k + 1. Let r be j(-1). What is z(r)?
2
Let k(b) = -2*b + 3. Let o(r) be the first derivative of -2*r**2 - 24*r + 4. Let a be o(-7). Calculate k(a).
-5
Let l(c) = -c**3 - 7*c**2 - 7*c - 9. Let s be l(-6). Let i(u) = 15*u + 4. Determine i(s).
-41
Let z(x) = 4*x**2 - 5*x**2 + 1 - 6*x + 0 + 2*x**2 + 6. Give z(9).
34
Suppose 72 = -3*x + 99. Let q(v) = -v**3 + 8*v**2 + 9*v - 1. Determine q(x).
-1
Let a(l) = -l**2 - 5*l + 7. Suppose 5*c + 0*c + 10 = 0. Let s = c + 2. Suppose 4*v = 2*f + 8, 5*f + s*f - v = -29. Determine a(f).
1
Let r be 8/12*3*-3. Let z(t) = 12*t - 6*t - 2*t - t**3 + t**2 - 6*t**2. What is z(r)?
12
Let r(w) be the third derivative of w**6/120 - 2*w**5/15 - 5*w**4/8 + w**3/6 + 141*w**2. What is r(10)?
51
Let j(m) = m**3 + 3*m**2 - 3*m - 3. Suppose -10 = 7*w - 2*w, 3*w = -2*t - 12. Calculate j(t).
6
Let y(p) = -8*p - 31. Let c be y(-9). Suppose 40 = -x + c. Let u(o) = -6*o + 4. Let m(t) = 13*t - 9. Let h(w) = 3*m(w) + 7*u(w). Determine h(x).
-2
Let h(n) = 288 + 7*n - 5*n - 295. Calculate h(2).
-3
Let f(n) = -n**2 + 29*n + 95. Let y be f(32). Let i(k) = 5*k**3 - k - 1. Give i(y).
-5
Let g(j) = -8 - 3 + j**3 - 4*j - 5*j**2 - 2*j**3 + 9. Suppose 2 = -3*i + 2*m, i = 5*m - 2*m + 11. Calculate g(i).
-2
Let c(v) = 12*v + 155. Let j(w) = w**2 - 17*w + 17. Let k be j(15). What is c(k)?
-1
Let b(p) be the first derivative of -p**3/3 - p**2/2 + 4*p + 109. Give b(3).
-8
Let u(d) be the second derivative of d**3/2 + 2*d**2 - 98*d. Give u(-2).
-2
Let a(n) = 3*n + 29. Let t be a(-9). Let i(l) = -t*l**2 - 5*l + 2*l + 3 + l**2 - 3*l. Let g be -4*((-3)/2)/(-1). Give i(g).
3
Let h(z) be the first derivative of z**5/20 + z**4/12 + 8*z**3/3 + z**2 + 34. Let n(d) be the third derivative of h(d). What is n(-3)?
-16
Suppose b - 11 = -3*s - 0*b, -5*b = -s - 23. Let k(q) = -q**2 - 3*q + 0*q - 7 - s*q. Calculate k(-5).
-7
Let c(h) = -9*h +